. What is the units digit of h?
7
Suppose q = -3*w, 0 = -w + 2*w + 1. Let p be 5/(-15) + 10/q. Let o = 9 - p. What is the units digit of o?
6
Let t(p) = p**2 + 29. What is the tens digit of t(0)?
2
Suppose -67 = -3*x + 4*u, -3*x + 2*u = -2*x - 19. What is the units digit of x?
9
Let n be 0 - 1 - (-14 - -1). Let m be (-4)/(-18) + n/(-54). Suppose 4*v + m*v = 32. What is the units digit of v?
8
Suppose 4*f - 56 = 3*p + p, 4*p + 42 = 3*f. What is the tens digit of f?
1
Let x(v) = 86*v**3 - v**2 - v + 1. What is the units digit of x(1)?
5
Let t(w) = -w**3 + w + 15. Let y be t(0). Let n = 9 + y. What is the units digit of n?
4
Let t = 193 + 48. What is the units digit of t?
1
Let o(h) = 2*h - 2. Let z be o(-2). Let m be (-45)/z*2*-1. Let x = -2 - m. What is the tens digit of x?
1
Let x(z) = -z**2 - z - 1. Let c be x(-2). What is the units digit of 124/10 - c/5?
3
Let f be (11 - 9)*1/1. Suppose -f*o - 2*o = -108. What is the tens digit of o?
2
Suppose -3*c = -0*c. Suppose c = -5*a + a - 24. Let x = a + 9. What is the units digit of x?
3
Let c = -222 - -469. What is the units digit of c?
7
Let a = -6 - -7. What is the units digit of a?
1
Suppose -3*u + 4 = 2*b - 9, -3*u - 3*b + 15 = 0. Let d = u + -9. What is the units digit of ((-16)/6)/(d/9)?
4
Suppose -5*k = -3*b - 121, 0*k = -3*k + 2*b + 73. What is the tens digit of k?
2
Let u(l) = 3*l + 5. Let h be u(-6). Let z = h + 18. Suppose 11 = 2*d + 3*a, -5*d + 4*a = -z + 12. What is the units digit of d?
1
Let s be 6/21 - (-24)/14. Suppose -2*c - s*f = 20, -5*f + f = -3*c - 2. What is the units digit of (-2 + (-8)/c)*-3?
2
Let q = -9 - -9. What is the units digit of ((2 - q) + -11)*-2?
8
Suppose -2*u = s - 29, u + u - 4*s = 24. Suppose -3*o + u = -o. What is the units digit of o/((0 + -1)/(-1))?
7
Suppose -5*h + 1409 = 104. What is the hundreds digit of h?
2
What is the units digit of (-1206)/4*28/(-42)?
1
Suppose 3*j = -4*l - 7 - 8, l + 2*j + 5 = 0. Let d be l/6*2*-5. Suppose 5*v + 14 = 4*v + d*i, -42 = -2*v - 4*i. What is the units digit of v?
1
Suppose -7*z = 5*k - 2*z, 0 = -5*k + 4*z + 36. Suppose 27 = k*t - 21. What is the tens digit of t?
1
Let a be (-3)/18 - 142/12. Suppose 5*r = -32 - 3. Let m = r - a. What is the units digit of m?
5
Suppose -2*u + 2 = -0. Let o(h) = 5*h**3 - 28*h - h**2 + 28*h + u. What is the units digit of o(1)?
5
What is the units digit of 0 - (0 + 3) - -27?
4
Let h be 18/3*(-1)/(-2). Suppose 0 = r + h*g - 5 - 1, 5*r = 2*g - 38. Let d = 7 - r. What is the tens digit of d?
1
Let l = 79 + -16. What is the units digit of l?
3
Let g(p) = -2*p**3 + 3*p**3 + p**2 + 7*p**3. What is the units digit of g(1)?
9
What is the tens digit of 133/2 - (-9)/18?
6
Let d be 0/(4 + -2 + -4). Suppose f - 2 = -d. Suppose -f*l + 40 = 3*l. What is the units digit of l?
8
Let h(i) = -4*i. Let x be h(-1). Suppose x = -4*t + 8. Suppose -13 = -2*z + t. What is the units digit of z?
7
Suppose -3*w = -5*t - 192, -112 - 139 = -4*w + 5*t. Suppose -i + 21 = z - 3*z, -3*i + 4*z + w = 0. What is the tens digit of i?
1
Let d be (-1)/(2/(2*-15)). Suppose -x + 4*x = y + 31, 0 = 3*x + 3*y - d. What is the units digit of x?
9
Let n(j) = j - 5. Let o be (0 - -10) + (9 - 12). Let r be n(o). Suppose -q - 3*z + r = -2, 0 = 3*z + 15. What is the units digit of q?
9
Let i be 2/(0 - (-2)/(-1)). Let v be (i/2)/((-3)/(-72)). Let g = 22 + v. What is the units digit of g?
0
Let h be (9/6 - 2)*-2. Let v(y) = 3*y**3 - 2*y**2 + 2*y - 1. Let z be v(h). What is the units digit of (-1)/z + 13/2?
6
Suppose -3*z + 6 = -p + 4*p, -2*p - 5*z - 2 = 0. Suppose -a + 33 = 3*x + 99, -90 = p*x + 2*a. What is the units digit of -1 + 3 - (3 + x)?
0
Let u be (70/(-6))/(1/(-3)). Suppose -5*x + u = 5*t, 2*t - 3*x = -x + 22. What is the units digit of t?
9
Let i(o) = o + 1. Let g(k) = -k**2 + 5*k - 6. Let l(b) = g(b) + 2*i(b). Let u be l(6). What is the units digit of (0 - 0/u) + 1?
1
Suppose -4*a = -16 - 48. Suppose q - a = -3*t, -2*q - 18 = -0*t - 4*t. Suppose j - t = -5*c, 2*c + 0*c = 5*j - 25. What is the units digit of j?
5
Let y = -11 + 27. Suppose m + m - y = 0. What is the units digit of m?
8
Let j(d) = d**3 - 2*d**2 - 4*d - 3. Let r be j(5). What is the units digit of (-8)/r + (-836)/(-26)?
2
Let j(x) = -x**2 - x. Let t(s) = s**3 - 6*s**2 - 5*s - 6. Let w(b) = -j(b) + t(b). What is the units digit of w(6)?
6
Let j = 23 - -24. What is the tens digit of j?
4
Let n be (-1)/((2 - 6)/68). Let q = 22 - n. What is the units digit of q?
5
Let q = 270 - 176. What is the tens digit of q?
9
Suppose 0 = 5*v - 455 - 1250. What is the hundreds digit of v?
3
Suppose 4*h = -93 + 357. What is the tens digit of h?
6
Let c(s) = -14*s**3 - 38*s**2 + 35*s - 17. Let h(k) = 5*k**3 + 13*k**2 - 12*k + 6. Let f(m) = 6*c(m) + 17*h(m). What is the tens digit of f(7)?
4
What is the tens digit of (-2000)/(-72) - (-4)/18?
2
Suppose 0 = -3*m - 5*u - 3, -m - u + 10 = -3*u. Let p = 9 - m. What is the units digit of p?
5
Suppose -1 = -2*l - 3*t, -5*l - 3*t + 9 = -2*t. Let q = 30 - l. What is the units digit of q?
8
Suppose 0 = -2*p + 6, -3*m + p - 33 - 75 = 0. Let g = -25 - m. What is the tens digit of g?
1
Suppose -2*b - b = -27. What is the units digit of b?
9
Let f(q) = -q**2 + 6*q. Let r be f(5). Suppose -2*h = 2*l - 19 + 1, l + 15 = r*h. Suppose -4*b = -5*b + h. What is the units digit of b?
4
Suppose 0*l = l, n = -5*l + 45. What is the tens digit of n?
4
Let w = -13 + 22. Let g(t) = -w*t + 13*t + 9*t + 1. What is the units digit of g(1)?
4
What is the units digit of 0/(10/2) + 70?
0
Let l(c) = -c. Let f be l(-3). Suppose -f*a + 4 = -8. What is the units digit of a?
4
Let i = 11 + -6. Suppose i*j + 2 = -18. What is the units digit of 0/3 + (-1 - j)?
3
Let k(a) = 7*a**3 + 15*a**2 - 2*a + 5. Let f(s) = 6*s**3 + 14*s**2 - 3*s + 6. Let p(c) = -6*f(c) + 5*k(c). What is the units digit of p(-10)?
9
Let z = -6 + -1. What is the units digit of ((-78)/91)/(1/z)?
6
Let r(c) = -46*c**3 + 2*c**2 + 3*c + 2. What is the tens digit of r(-1)?
4
Suppose -5*c + 10*c - 395 = 0. What is the tens digit of c?
7
Let g(c) be the second derivative of -c - 7/2*c**2 + 0 - 1/3*c**3. What is the units digit of g(-5)?
3
Let x = 7 + -49. What is the tens digit of (-4 - x)*2/4?
1
Suppose 5 = -5*b, 5*b - 67 = -2*z - 0*b. What is the tens digit of 368/z - (-4)/(-18)?
1
What is the units digit of (6/(-3)*11)/(-1)?
2
Suppose -y - 5*x = -14, y + 2*x = 4*x. Suppose -2*z = -3 - 11. Let d = y + z. What is the units digit of d?
1
Let z(p) be the third derivative of -p**6/120 + p**5/15 + p**4/4 - p**3/6 - p**2. What is the units digit of z(5)?
4
Let s(f) = f - 5. Let v be s(5). Suppose v = y + 4*y - 20. Suppose 2*j - y = 6. What is the units digit of j?
5
Suppose 0 = 2*r + 3*r + 30. What is the units digit of 26/3 + 4/r?
8
Suppose 4*g - 162 = -2*u, -4*u = -0*u - 4. Let j = 67 - g. What is the units digit of j?
7
Suppose 0 = 5*i + 2*i - 63. What is the units digit of i?
9
Let m be 4/22 - (-40)/22. Suppose 5*d = m*d + 54. What is the units digit of d?
8
What is the units digit of (-325)/(-10)*(-5)/(50/(-12))?
9
Suppose -19 - 5 = -s. What is the tens digit of s?
2
Suppose 2*p + 3 = 5*x + 12, -3*p + 11 = -5*x. What is the tens digit of 7/(-21)*(-124 - x)?
4
Let q(f) = f**3 + 12*f**2 + 2*f + 10. Let p be q(-9). Suppose 5*t = -4*w + 3*w + p, 3*t - 158 = -4*w. What is the units digit of t?
6
Let n(m) be the first derivative of m**2/2 + 7*m - 2. What is the units digit of n(0)?
7
Suppose 6*t = -339 + 1287. What is the tens digit of t?
5
Suppose 3*t - 5 = 10. Suppose -t*d + 3*d = -26. What is the tens digit of d?
1
Suppose 1 = -2*l + 7. Suppose -2*i - l = -15. What is the units digit of i?
6
Suppose w - 10 = -2*j, 0 = 4*j + 2*w - 5*w. Let t(f) = -f**2 + 6*f - 7. What is the units digit of t(j)?
2
Suppose 3*q = 2*o + 1002, -3*q - 3*o + 850 + 152 = 0. What is the hundreds digit of q?
3
Suppose 16 = 3*j - 2*s, 5*j - 4*j + s + 3 = 0. Suppose 0*a + 14 = j*a. What is the units digit of a?
7
Let d = -43 - -72. What is the tens digit of d?
2
Suppose 0*p + 3*p + j = 677, -894 = -4*p + 3*j. What is the tens digit of p?
2
Let v = 15 + -8. Suppose -1 = y, -4*b + 3*y + 16 + v = 0. Suppose 0 + 15 = b*h. What is the units digit of h?
3
Suppose -d - 3*k = 24, 0 = -6*d + d - k - 120. Let m be (-10)/(-35) + d/(-14). Suppose -2*j = 